{"id":5858,"date":"2024-10-17T11:20:02","date_gmt":"2024-10-17T11:20:02","guid":{"rendered":"https:\/\/itmax.ma\/?page_id=5858"},"modified":"2024-11-25T14:48:48","modified_gmt":"2024-11-25T14:48:48","slug":"temoignage","status":"publish","type":"page","link":"https:\/\/itmax.ma\/index.php\/temoignage\/","title":{"rendered":"T\u00e9moignage"},"content":{"rendered":"\t\t<div data-elementor-type=\"wp-page\" data-elementor-id=\"5858\" class=\"elementor elementor-5858\">\n\t\t\t\t\t\t<section class=\"elementor-section elementor-top-section elementor-element elementor-element-15ac594b elementor-section-stretched elementor-section-boxed elementor-section-height-default elementor-section-height-default\" data-id=\"15ac594b\" data-element_type=\"section\" data-e-type=\"section\" data-settings=\"{&quot;stretch_section&quot;:&quot;section-stretched&quot;}\">\n\t\t\t\t\t\t<div class=\"elementor-container elementor-column-gap-no\">\n\t\t\t\t\t<div class=\"elementor-column elementor-col-33 elementor-top-column elementor-element elementor-element-2c86a01e\" data-id=\"2c86a01e\" data-element_type=\"column\" data-e-type=\"column\">\n\t\t\t<div class=\"elementor-widget-wrap elementor-element-populated\">\n\t\t\t\t\t\t<section class=\"elementor-section elementor-inner-section elementor-element elementor-element-7f85d5d2 elementor-section-height-min-height elementor-section-boxed elementor-section-height-default\" data-id=\"7f85d5d2\" data-element_type=\"section\" data-e-type=\"section\" data-settings=\"{&quot;background_background&quot;:&quot;classic&quot;}\">\n\t\t\t\t\t\t<div class=\"elementor-container elementor-column-gap-no\">\n\t\t\t\t\t<div class=\"elementor-column elementor-col-100 elementor-inner-column elementor-element elementor-element-3fb6e730\" data-id=\"3fb6e730\" data-element_type=\"column\" data-e-type=\"column\">\n\t\t\t<div class=\"elementor-widget-wrap elementor-element-populated\">\n\t\t\t\t\t\t<div class=\"elementor-element elementor-element-1b03d456 elementor-nav-menu__align-left elementor-nav-menu--indicator-none elementor-widget elementor-widget-opal-nav-menu\" data-id=\"1b03d456\" data-element_type=\"widget\" data-e-type=\"widget\" data-settings=\"{&quot;layout&quot;:&quot;vertical&quot;}\" data-widget_type=\"opal-nav-menu.default\">\n\t\t\t\t<div class=\"elementor-widget-container\">\n\t\t\t\t\t        <nav data-subMenusMinWidth=\"260\" data-subMenusMaxWidth=\"500\" class=\"elementor-nav-menu--main elementor-nav-menu__container elementor-nav-menu--layout-vertical e--pointer-dot e--animation-fade\">\n\t\t\t<ul id=\"menu-2-1b03d456\" class=\"elementor-nav-menu\"><li class=\"menu-item menu-item-type-post_type menu-item-object-page menu-item-5745\"><a href=\"https:\/\/itmax.ma\/index.php\/about-us\/\" class=\"elementor-item\">Qui somme nous<\/a><\/li>\n<li class=\"menu-item menu-item-type-post_type menu-item-object-page menu-item-5744\"><a href=\"https:\/\/itmax.ma\/index.php\/nos-services\/\" class=\"elementor-item\">Nos services<\/a><\/li>\n<li class=\"menu-item menu-item-type-post_type menu-item-object-page menu-item-5735\"><a href=\"https:\/\/itmax.ma\/index.php\/madariss\/\" class=\"elementor-item\">Madariss<\/a><\/li>\n<li class=\"menu-item menu-item-type-post_type menu-item-object-page menu-item-5734\"><a href=\"https:\/\/itmax.ma\/index.php\/emadariss\/\" class=\"elementor-item\">eMadariss<\/a><\/li>\n<li class=\"menu-item menu-item-type-post_type menu-item-object-page menu-item-5733\"><a href=\"https:\/\/itmax.ma\/index.php\/emadariss-mobile\/\" class=\"elementor-item\">eMadariss Mobile<\/a><\/li>\n<li class=\"menu-item menu-item-type-post_type menu-item-object-page menu-item-5732\"><a href=\"https:\/\/itmax.ma\/index.php\/sms\/\" class=\"elementor-item\">SMS<\/a><\/li>\n<li class=\"menu-item menu-item-type-post_type menu-item-object-page menu-item-5749\"><a href=\"https:\/\/itmax.ma\/index.php\/mission-valeurs\/\" class=\"elementor-item\">Mission &#038; Valeurs<\/a><\/li>\n<li class=\"menu-item menu-item-type-post_type menu-item-object-page menu-item-5748\"><a href=\"https:\/\/itmax.ma\/index.php\/faqs\/\" class=\"elementor-item\">FAQs<\/a><\/li>\n<li class=\"menu-item menu-item-type-post_type menu-item-object-page menu-item-5747\"><a href=\"https:\/\/itmax.ma\/index.php\/contact\/\" class=\"elementor-item\">Contact<\/a><\/li>\n<\/ul>        <\/nav>\n\t\t\t\t\t\t<\/div>\n\t\t\t\t<\/div>\n\t\t\t\t\t<\/div>\n\t\t<\/div>\n\t\t\t\t\t<\/div>\n\t\t<\/section>\n\t\t\t\t<section class=\"elementor-section elementor-inner-section elementor-element elementor-element-a64acc3 elementor-section-boxed elementor-section-height-default elementor-section-height-default\" data-id=\"a64acc3\" data-element_type=\"section\" data-e-type=\"section\" data-settings=\"{&quot;background_background&quot;:&quot;classic&quot;}\">\n\t\t\t\t\t\t<div class=\"elementor-container elementor-column-gap-no\">\n\t\t\t\t\t<div class=\"elementor-column elementor-col-100 elementor-inner-column elementor-element elementor-element-50f9d1fe\" data-id=\"50f9d1fe\" data-element_type=\"column\" data-e-type=\"column\">\n\t\t\t<div class=\"elementor-widget-wrap elementor-element-populated\">\n\t\t\t\t\t\t<div class=\"elementor-element elementor-element-4fe43192 elementor-position-below elementor-widget elementor-widget-heading\" data-id=\"4fe43192\" data-element_type=\"widget\" data-e-type=\"widget\" data-widget_type=\"heading.default\">\n\t\t\t\t<div class=\"elementor-widget-container\">\n\t\t\t\t\t<div class=\"elementor-heading-wrapper\" ><div class=\"elementor-heading-wrapper-inner\"><h2 class=\"elementor-heading-title elementor-size-default\">Votre Guide Complet\n<\/h2><\/div><\/div>\t\t\t\t<\/div>\n\t\t\t\t<\/div>\n\t\t\t\t<div class=\"elementor-element elementor-element-8770c10 elementor-position-left elementor-view-default elementor-vertical-align-top elementor-widget elementor-widget-icon-box\" data-id=\"8770c10\" data-element_type=\"widget\" data-e-type=\"widget\" data-widget_type=\"icon-box.default\">\n\t\t\t\t<div class=\"elementor-widget-container\">\n\t\t\t\t\t        <div class=\"elementor-icon-box-wrapper\">\n                            <div class=\"elementor-icon-box-icon\">\n                    <a class=\"elementor-icon elementor-animation-\" href=\"#\">\n                        <i class=\"opal-icon-it-consultancy-2\" aria-hidden=\"true\"><\/i>\n                    <\/a>\n                <\/div>\n            \n            <div class=\"elementor-icon-box-content\">\n                <div class=\"elementor-icon-header\">\n                                        <div class=\"elementor-icon-header-inner\">\n                        \n                        <h6 class=\"elementor-icon-box-title\">\n                            <a href=\"#\">\n                                Assistance                            <\/a>\n                        <\/h6>\n                    <\/div>\n                <\/div>\n                                    <p class=\"elementor-icon-box-description\"><a herf=\"#\">Besoin d'aide ? Cliquez ici <\/a><\/p>\n                             <\/div>\n                    <\/div>\n        \t\t\t\t<\/div>\n\t\t\t\t<\/div>\n\t\t\t\t<div class=\"elementor-element elementor-element-77e73f93 elementor-position-left elementor-view-default elementor-vertical-align-top elementor-widget elementor-widget-icon-box\" data-id=\"77e73f93\" data-element_type=\"widget\" data-e-type=\"widget\" data-widget_type=\"icon-box.default\">\n\t\t\t\t<div class=\"elementor-widget-container\">\n\t\t\t\t\t        <div class=\"elementor-icon-box-wrapper\">\n                            <div class=\"elementor-icon-box-icon\">\n                    <a class=\"elementor-icon elementor-animation-\" href=\"#\">\n                        <i class=\"opal-icon-quality-services\" aria-hidden=\"true\"><\/i>\n                    <\/a>\n                <\/div>\n            \n            <div class=\"elementor-icon-box-content\">\n                <div class=\"elementor-icon-header\">\n                                        <div class=\"elementor-icon-header-inner\">\n                        \n                        <h6 class=\"elementor-icon-box-title\">\n                            <a href=\"#\">\n                                Formation                            <\/a>\n                        <\/h6>\n                    <\/div>\n                <\/div>\n                                    <p class=\"elementor-icon-box-description\"><a herf=\"#\">Besoin d'aide ? Cliquez ici <\/a><\/p>\n                             <\/div>\n                    <\/div>\n        \t\t\t\t<\/div>\n\t\t\t\t<\/div>\n\t\t\t\t\t<\/div>\n\t\t<\/div>\n\t\t\t\t\t<\/div>\n\t\t<\/section>\n\t\t\t\t<section class=\"elementor-section elementor-inner-section elementor-element elementor-element-58720701 elementor-section-height-min-height elementor-section-boxed elementor-section-height-default\" data-id=\"58720701\" data-element_type=\"section\" data-e-type=\"section\" data-settings=\"{&quot;background_background&quot;:&quot;classic&quot;}\">\n\t\t\t\t\t\t<div class=\"elementor-container elementor-column-gap-no\">\n\t\t\t\t\t<div class=\"elementor-column elementor-col-100 elementor-inner-column elementor-element elementor-element-6f9cca9c\" data-id=\"6f9cca9c\" data-element_type=\"column\" data-e-type=\"column\">\n\t\t\t<div class=\"elementor-widget-wrap elementor-element-populated\">\n\t\t\t\t\t\t<div class=\"elementor-element elementor-element-4ffd4e52 elementor-position-top elementor-widget elementor-widget-image-box\" data-id=\"4ffd4e52\" data-element_type=\"widget\" data-e-type=\"widget\" data-widget_type=\"image-box.default\">\n\t\t\t\t<div class=\"elementor-widget-container\">\n\t\t\t\t\t<div class=\"elementor-image-box-wrapper\"><div class=\"elementor-image-framed\"><figure class=\"elementor-image-box-img\"><img decoding=\"async\" width=\"150\" height=\"150\" src=\"https:\/\/itmax.ma\/wp-content\/uploads\/2024\/10\/SUPPORT-02-150x150.jpg\" class=\"attachment-thumbnail size-thumbnail wp-image-5649\" alt=\"\" srcset=\"https:\/\/itmax.ma\/wp-content\/uploads\/2024\/10\/SUPPORT-02-150x150.jpg 150w, https:\/\/itmax.ma\/wp-content\/uploads\/2024\/10\/SUPPORT-02-100x100.jpg 100w\" sizes=\"(max-width: 150px) 100vw, 150px\" \/><\/figure><\/div><div class=\"elementor-image-box-content\"><h3 class=\"elementor-image-box-title\">Comment pouvons-nous vous aider?<\/h3><p class=\"elementor-image-box-description\">\n(+212) 537 68 60 47 <\/br>\n\n(+212) 537 77 09 17  <\/br>\n\n(+212) 537 77 95 81  <\/br>\n\n(+212) 661 14 54 71 <br\/>\nMail: Contact@itmax.ma<\/p><\/div><\/div>\t\t\t\t<\/div>\n\t\t\t\t<\/div>\n\t\t\t\t<div class=\"elementor-element elementor-element-11ab066f elementor-shape-circle elementor-social-custom elementor-widget elementor-widget-social-icons\" data-id=\"11ab066f\" data-element_type=\"widget\" data-e-type=\"widget\" data-widget_type=\"social-icons.default\">\n\t\t\t\t<div class=\"elementor-widget-container\">\n\t\t\t\t\t\t\t<div class=\"elementor-social-icons-wrapper\">\n\t\t\t\t\t\t\t<a class=\"elementor-icon elementor-social-icon elementor-social-icon-facebook\" href=\"\" target=\"_blank\">\n\t\t\t\t\t<span class=\"elementor-screen-only\">Facebook<\/span>\n\t\t\t\t\t<i class=\"fa fa-facebook\"><\/i>\n\t\t\t\t<\/a>\n\t\t\t\t\t\t\t<a class=\"elementor-icon elementor-social-icon elementor-social-icon-twitter\" href=\"\" target=\"_blank\">\n\t\t\t\t\t<span class=\"elementor-screen-only\">Twitter<\/span>\n\t\t\t\t\t<i class=\"fa fa-twitter\"><\/i>\n\t\t\t\t<\/a>\n\t\t\t\t\t\t\t<a class=\"elementor-icon elementor-social-icon elementor-social-icon-instagram\" href=\"\" target=\"_blank\">\n\t\t\t\t\t<span class=\"elementor-screen-only\">Instagram<\/span>\n\t\t\t\t\t<i class=\"fa fa-instagram\"><\/i>\n\t\t\t\t<\/a>\n\t\t\t\t\t\t\t<a class=\"elementor-icon elementor-social-icon elementor-social-icon-linkedin\" href=\"\" target=\"_blank\">\n\t\t\t\t\t<span class=\"elementor-screen-only\">Linkedin<\/span>\n\t\t\t\t\t<i class=\"fa fa-linkedin\"><\/i>\n\t\t\t\t<\/a>\n\t\t\t\t\t<\/div>\n\t\t\t\t\t\t<\/div>\n\t\t\t\t<\/div>\n\t\t\t\t\t<\/div>\n\t\t<\/div>\n\t\t\t\t\t<\/div>\n\t\t<\/section>\n\t\t\t\t\t<\/div>\n\t\t<\/div>\n\t\t\t\t<div class=\"elementor-column elementor-col-66 elementor-top-column elementor-element elementor-element-2b87840d\" data-id=\"2b87840d\" data-element_type=\"column\" data-e-type=\"column\">\n\t\t\t<div class=\"elementor-widget-wrap elementor-element-populated\">\n\t\t\t\t\t\t<div class=\"elementor-element elementor-element-2ff79502 elementor-position-below elementor-widget elementor-widget-heading\" data-id=\"2ff79502\" data-element_type=\"widget\" data-e-type=\"widget\" data-widget_type=\"heading.default\">\n\t\t\t\t<div class=\"elementor-widget-container\">\n\t\t\t\t\t<div class=\"elementor-heading-wrapper\" ><div class=\"elementor-heading-wrapper-inner\"><h2 class=\"elementor-heading-title elementor-size-default\">T\u00e9moignage en vid\u00e9o<\/h2><\/div><\/div>\t\t\t\t<\/div>\n\t\t\t\t<\/div>\n\t\t\t\t<div class=\"elementor-element elementor-element-0476735 elementor-widget elementor-widget-video\" data-id=\"0476735\" data-element_type=\"widget\" data-e-type=\"widget\" data-settings=\"{&quot;youtube_url&quot;:&quot;https:\\\/\\\/youtu.be\\\/WzloXqfyEB8&quot;,&quot;video_type&quot;:&quot;youtube&quot;,&quot;controls&quot;:&quot;yes&quot;}\" data-widget_type=\"video.default\">\n\t\t\t\t<div class=\"elementor-widget-container\">\n\t\t\t\t\t\t\t<div class=\"elementor-wrapper elementor-open-inline\">\n\t\t\t<div class=\"elementor-video\"><\/div>\t\t<\/div>\n\t\t\t\t\t\t<\/div>\n\t\t\t\t<\/div>\n\t\t\t\t<div class=\"elementor-element elementor-element-462506a elementor-position-below elementor-widget elementor-widget-heading\" data-id=\"462506a\" data-element_type=\"widget\" data-e-type=\"widget\" data-widget_type=\"heading.default\">\n\t\t\t\t<div class=\"elementor-widget-container\">\n\t\t\t\t\t<div class=\"elementor-heading-wrapper\" ><div class=\"elementor-heading-wrapper-inner\"><h2 class=\"elementor-heading-title elementor-size-default\">T\u00e9moignage en texte<\/h2><\/div><\/div>\t\t\t\t<\/div>\n\t\t\t\t<\/div>\n\t\t<div class=\"elementor-element elementor-element-3912fcf e-grid e-con-boxed e-con e-parent\" data-id=\"3912fcf\" data-element_type=\"container\" data-e-type=\"container\">\n\t\t\t\t\t<div class=\"e-con-inner\">\n\t\t\t\t<div class=\"elementor-element elementor-element-6c8e2a8 text-carousel-style-1 owl-visible-item-no elementor-widget elementor-widget-opal_text_carousel\" data-id=\"6c8e2a8\" data-element_type=\"widget\" data-e-type=\"widget\" data-widget_type=\"opal_text_carousel.default\">\n\t\t\t\t<div class=\"elementor-widget-container\">\n\t\t\t\t\t            <div class=\"elementor-text_carousel-wrapper\">\n                <div class=\"row owl-carousel owl-theme\" data-settings=\"{&quot;navigation&quot;:&quot;dots&quot;,&quot;autoplayHoverPause&quot;:true,&quot;autoplay&quot;:true,&quot;center&quot;:false,&quot;autoplayTimeout&quot;:5000,&quot;items&quot;:&quot;1&quot;,&quot;items_tablet&quot;:&quot;1&quot;,&quot;items_mobile&quot;:1,&quot;loop&quot;:true,&quot;rtl&quot;:false,&quot;margin&quot;:15,&quot;margin_tablet&quot;:15,&quot;margin_mobile&quot;:1}\">\n                                            <div class=\"elementor-content-item column-item\">\n                            <div class=\"elementor-content-item-inner\">\n                                <div class=\"elementor-image-framed\"><figure class=\"elementor-image-box-img\"><img fetchpriority=\"high\" decoding=\"async\" width=\"300\" height=\"187\" src=\"https:\/\/itmax.ma\/wp-content\/uploads\/2024\/10\/OLM-300x187.png\" class=\"attachment-medium size-medium wp-image-5467\" alt=\"\" srcset=\"https:\/\/itmax.ma\/wp-content\/uploads\/2024\/10\/OLM-300x187.png 300w, https:\/\/itmax.ma\/wp-content\/uploads\/2024\/10\/OLM.png 450w\" sizes=\"(max-width: 300px) 100vw, 300px\" \/><\/figure><\/div>                                <div class=\"elementor-content-wrap\">\n                                    <h4 class=\"elementor-heading-title\"> OLM Souissi<\/h4>                                    <div class=\"elementor-content\">\n                                        <p style=\"text-align: left;\">Ann\u00e9e d'acquisition 2004<\/p><p style=\"text-align: left;\">Le logiciel Madariss que nous avons adopt\u00e9 il y\u2019 6 ans nous facilite grandement les taches quotidiennes de gestion.<\/p><p style=\"text-align: left;\">En particulier, la gestion des paiements, l\u2019\u00e9tablissement des diff\u00e9rentes listes d\u2019\u00e9l\u00e8ves ou encore l\u2019\u00e9dition des bulletins sont r\u00e9alis\u00e9s ais\u00e9ment. Je dirais m\u00eame que ce logiciel nous est devenu indispensable.<\/p><p style=\"text-align: left;\">De ce fait, nous le recommandons fortement.<\/p>                                    <\/div>\n                                <\/div>\n                            <\/div>\n                        <\/div>\n                                            <div class=\"elementor-content-item column-item\">\n                            <div class=\"elementor-content-item-inner\">\n                                <div class=\"elementor-image-framed\"><figure class=\"elementor-image-box-img elementor-image-box-img\"><img decoding=\"async\" width=\"300\" height=\"187\" src=\"https:\/\/itmax.ma\/wp-content\/uploads\/2024\/10\/ILE-AUX-TRESORS-300x187.png\" class=\"attachment-medium size-medium wp-image-5865\" alt=\"\" srcset=\"https:\/\/itmax.ma\/wp-content\/uploads\/2024\/10\/ILE-AUX-TRESORS-300x187.png 300w, https:\/\/itmax.ma\/wp-content\/uploads\/2024\/10\/ILE-AUX-TRESORS.png 450w\" sizes=\"(max-width: 300px) 100vw, 300px\" \/><\/figure><\/div>                                <div class=\"elementor-content-wrap\">\n                                    <h4 class=\"elementor-heading-title\">Groupe scolaire les iris<\/h4>                                    <div class=\"elementor-content\">\n                                        <p style=\"text-align: left;\">Pour mon groupe scolaire Les Iris, j\u2019ai opt\u00e9 pour le logiciel Madariss, afin de mieux organiser la rentr\u00e9e scolaire et J\u2019ai \u00e9t\u00e9 tr\u00e8s satisfaite des options qu\u2019il\u00a0 propose.<\/p><p style=\"text-align: left;\">Je n\u2019ai plus \u00e0 me soucier de la gestion des paiements ni de l\u2019\u00e9laboration des bulletins et bien d\u2019autres taches administratives. Ce logiciel m\u2019a permis aussi de pr\u00e9senter mon groupe scolaire en ligne et de communiquer en direct avec les parents des \u00e9l\u00e8ves pour r\u00e9pondre \u00e0 leurs clarifications et leurs suggestions. <br \/>Je remercie toute l\u2019\u00e9quipe\u00a0 Nexsoft qui m\u2019a aid\u00e9 pour l\u2019installation et la mise en marche du logiciel.<\/p><div class=\"style180\" style=\"text-align: left;\">Madariss est un logiciel indispensable pour la gestion d\u2019un groupe scolaire. Je vous le recommande vivement.<\/div>                                    <\/div>\n                                <\/div>\n                            <\/div>\n                        <\/div>\n                                            <div class=\"elementor-content-item column-item\">\n                            <div class=\"elementor-content-item-inner\">\n                                <div class=\"elementor-image-framed\"><figure class=\"elementor-image-box-img elementor-image-box-img elementor-image-box-img\"><img decoding=\"async\" width=\"300\" height=\"187\" src=\"https:\/\/itmax.ma\/wp-content\/uploads\/2024\/10\/ILE-AUX-TRESORS-300x187.png\" class=\"attachment-medium size-medium wp-image-5865\" alt=\"\" srcset=\"https:\/\/itmax.ma\/wp-content\/uploads\/2024\/10\/ILE-AUX-TRESORS-300x187.png 300w, https:\/\/itmax.ma\/wp-content\/uploads\/2024\/10\/ILE-AUX-TRESORS.png 450w\" sizes=\"(max-width: 300px) 100vw, 300px\" \/><\/figure><\/div>                                <div class=\"elementor-content-wrap\">\n                                    <h4 class=\"elementor-heading-title\">Cr\u00e8che ILE AUX TRESORS<\/h4>                                    <div class=\"elementor-content\">\n                                        <p style=\"text-align: left;\">Bonjour \u00e0 toute l'\u00e9quipe !!<\/p><p style=\"text-align: left;\">Nous sommes tr\u00e8s satisfaits de notre collaboration avec votre entreprise depuis pr\u00e8s de 5 ans aujourd'hui.<\/p><p style=\"text-align: left;\">En effet, nous avons trouv\u00e9 dans le logiciel MADARISS tout ce qu'il nous fallait pour la gestion administrative des enfants inscrits dans notre \u00e9cole.<\/p><p style=\"text-align: left;\">Le service apr\u00e8s-vente est irr\u00e9prochable (les assistants sont disponibles, patients et respectueux) et le service commercial \u00e9galement (r\u00e9actif, dans la joie et la bonne humeur!).<\/p><p style=\"text-align: left;\">Nous recommandons activement les futurs clients qui h\u00e9siteraient encore \u00e0 choisir NEXSOFT comme fournisseur, et saluons le travail accompli par cette belle entreprise \u00e0 qui nous souhaitons une tr\u00e8s belle continuation.<\/p><p style=\"text-align: left;\">Adil JOUNDY<\/p>                                    <\/div>\n                                <\/div>\n                            <\/div>\n                        <\/div>\n                                    <\/div>\n            <\/div>\n            \t\t\t\t<\/div>\n\t\t\t\t<\/div>\n\t\t\t\t\t<\/div>\n\t\t\t\t<\/div>\n\t\t\t\t\t<\/div>\n\t\t<\/div>\n\t\t\t\t\t<\/div>\n\t\t<\/section>\n\t\t\t\t<\/div>\n\t\t","protected":false},"excerpt":{"rendered":"<p>Votre Guide Complet Assistance Besoin d&rsquo;aide ? Cliquez ici Formation Besoin d&rsquo;aide ? Cliquez ici Comment pouvons-nous vous aider? (+212) 537 68 60 47 (+212) 537 77 09 17 (+212) 537 77 95 81 (+212) 661 14 54 71 Mail: Contact@itmax.ma Facebook Twitter Instagram Linkedin T\u00e9moignage en vid\u00e9o T\u00e9moignage en texte OLM Souissi Ann\u00e9e d&rsquo;acquisition &hellip; <\/p>\n<p class=\"more-link-wrap\"><a href=\"https:\/\/itmax.ma\/index.php\/temoignage\/\" class=\"more-link\"><span>Read More<span class=\"screen-reader-text\"> \u00ab\u00a0T\u00e9moignage\u00a0\u00bb<\/span><\/span><i class=\"opal-icon-arrow-right\" aria-hidden=\"true\"><\/i><\/a><\/p>\n","protected":false},"author":1,"featured_media":0,"parent":0,"menu_order":0,"comment_status":"closed","ping_status":"closed","template":"","meta":{"inline_featured_image":false,"footnotes":""},"class_list":["post-5858","page","type-page","status-publish","hentry"],"aioseo_notices":[],"_links":{"self":[{"href":"https:\/\/itmax.ma\/index.php\/wp-json\/wp\/v2\/pages\/5858","targetHints":{"allow":["GET"]}}],"collection":[{"href":"https:\/\/itmax.ma\/index.php\/wp-json\/wp\/v2\/pages"}],"about":[{"href":"https:\/\/itmax.ma\/index.php\/wp-json\/wp\/v2\/types\/page"}],"author":[{"embeddable":true,"href":"https:\/\/itmax.ma\/index.php\/wp-json\/wp\/v2\/users\/1"}],"replies":[{"embeddable":true,"href":"https:\/\/itmax.ma\/index.php\/wp-json\/wp\/v2\/comments?post=5858"}],"version-history":[{"count":13,"href":"https:\/\/itmax.ma\/index.php\/wp-json\/wp\/v2\/pages\/5858\/revisions"}],"predecessor-version":[{"id":6605,"href":"https:\/\/itmax.ma\/index.php\/wp-json\/wp\/v2\/pages\/5858\/revisions\/6605"}],"wp:attachment":[{"href":"https:\/\/itmax.ma\/index.php\/wp-json\/wp\/v2\/media?parent=5858"}],"curies":[{"name":"wp","href":"https:\/\/api.w.org\/{rel}","templated":true}]}}